181?
True
Does 9 divide 1261?
False
Is 36 a factor of 958?
False
Is 42979 a multiple of 23?
False
Is 618 a multiple of 6?
True
Is 1350 a multiple of 18?
True
Is 21 a factor of 17528?
False
Is 93 a multiple of 59?
False
Is 22 a factor of 1012?
True
Does 187 divide 2564?
False
Is 4303 a multiple of 5?
False
Is 32059 a multiple of 197?
False
Is 3840 a multiple of 96?
True
Is 47 a factor of 433?
False
Is 40 a factor of 42898?
False
Does 101 divide 16256?
False
Is 10496 a multiple of 64?
True
Is 21 a factor of 147?
True
Is 339 a multiple of 50?
False
Is 46 a factor of 3450?
True
Is 10099 a multiple of 138?
False
Is 107 a factor of 9635?
False
Does 49 divide 931?
True
Is 97 a multiple of 3?
False
Is 18 a factor of 7641?
False
Is 179 a factor of 48347?
False
Does 2 divide 211?
False
Does 5 divide 9540?
True
Does 201 divide 8317?
False
Does 12 divide 765?
False
Is 62 a factor of 48953?
False
Is 1419 a multiple of 13?
False
Does 14 divide 43498?
True
Does 8 divide 1496?
True
Is 1620 a multiple of 30?
True
Is 39 a factor of 312?
True
Does 137 divide 114339?
False
Does 117 divide 14295?
False
Does 11 divide 80834?
False
Is 39 a factor of 10079?
False
Is 738 a multiple of 18?
True
Is 37 a factor of 851?
True
Is 65691 a multiple of 10?
False
Is 26580 a multiple of 30?
True
Is 16 a factor of 30998?
False
Does 26 divide 1326?
True
Is 1282 a multiple of 72?
False
Is 61 a factor of 16051?
False
Is 8 a factor of 304?
True
Does 282 divide 12408?
True
Does 11 divide 1005?
False
Is 10 a factor of 45?
False
Is 22 a factor of 65?
False
Does 22 divide 352?
True
Is 9 a factor of 25062?
False
Is 9 a factor of 6026?
False
Is 42 a factor of 223?
False
Is 40 a factor of 14040?
True
Does 100 divide 1116?
False
Is 68364 a multiple of 81?
True
Does 289 divide 33235?
True
Does 187 divide 46400?
False
Does 20 divide 760?
True
Is 2070 a multiple of 18?
True
Is 2078 a multiple of 279?
False
Does 24 divide 13641?
False
Does 183 divide 4705?
False
Is 22 a factor of 160?
False
Does 14 divide 742?
True
Does 2 divide 119?
False
Does 44 divide 17445?
False
Is 3059 a multiple of 19?
True
Does 11 divide 703?
False
Is 12 a factor of 3168?
True
Is 104 a multiple of 13?
True
Is 1400 a multiple of 8?
True
Is 2160 a multiple of 36?
True
Does 17 divide 100593?
False
Is 34 a factor of 14858?
True
Is 19 a multiple of 19?
True
Does 61 divide 116?
False
Is 2 a factor of 58?
True
Is 11 a factor of 538?
False
Does 4 divide 3037?
False
Is 1760 a multiple of 16?
True
Is 427 a multiple of 13?
False
Does 16 divide 278?
False
Is 10 a factor of 20896?
False
Is 5 a factor of 3000?
True
Does 373 divide 15487?
False
Is 147 a factor of 6468?
True
Is 4133 a multiple of 3?
False
Is 100 a factor of 35114?
False
Is 72 a multiple of 7?
False
Does 17 divide 2178?
False
Does 12 divide 37260?
True
Is 5673 a multiple of 41?
False
Is 35784 a multiple of 124?
False
Does 134 divide 34975?
False
Is 369 a multiple of 15?
False
Does 6 divide 444?
True
Is 14 a factor of 1007?
False
Does 12 divide 11777?
False
Is 12 a factor of 1297?
False
Does 35 divide 665?
True
Does 10 divide 4919?
False
Does 103 divide 12463?
True
Is 1012 a multiple of 44?
True
Is 1540 a multiple of 20?
True
Is 67 a factor of 37118?
True
Does 5 divide 8620?
True
Does 6 divide 670?
False
Is 763 a multiple of 61?
False
Does 67 divide 50619?
False
Is 2 a factor of 8071?
False
Is 155 a multiple of 24?
False
Is 9877 a multiple of 13?
False
Does 40 divide 77320?
True
Is 90067 a multiple of 271?
False
Does 145 divide 83501?
False
Is 1424 a multiple of 47?
False
Is 11 a factor of 12936?
True
Does 79 divide 1027?
True
Is 36329 a multiple of 206?
False
Is 994 a multiple of 4?
False
Is 806 a multiple of 8?
False
Is 97 a factor of 76436?
True
Does 41 divide 123?
True
Is 352 a multiple of 32?
True
Is 4811 a multiple of 17?
True
Is 5 a factor of 2035?
True
Is 35 a factor of 960?
False
Is 7550 a multiple of 25?
True
Is 1081 a multiple of 3?
False
Is 37260 a multiple of 324?
True
Is 34034 a multiple of 91?
True
Does 156 divide 63492?
True
Is 11258 a multiple of 27?
False
Is 6872 a multiple of 18?
False
Is 5385 a multiple of 21?
False
Is 91 a factor of 46046?
True
Is 16 a factor of 1208?
False
Does 40 divide 10521?
False
Does 7 divide 5446?
True
Is 13 a factor of 4472?
True
Is 1362 a multiple of 12?
False
Does 8 divide 1432?
True
Does 24 divide 3475?
False
Is 43997 a multiple of 135?
False
Is 46 a factor of 11662?
False
Does 15 divide 21855?
True
Is 70 a factor of 1586?
False
Is 321 a factor of 26110?
False
Does 5 divide 2342?
False
Does 26 divide 2262?
True
Is 36 even?
True
Is 4 a factor of 495?
False
Does 47 divide 2601?
False
Is 12 a factor of 8235?
False
Is 1925 a multiple of 7?
True
Does 2 divide 943?
False
Is 1360 a multiple of 17?
True
Is 2109 a multiple of 28?
False
Is 51 a factor of 13813?
False
Is 18 a factor of 342?
True
Does 3 divide 204?
True
Is 16 a factor of 5104?
True
Is 5507 a multiple of 40?
False
Is 1494 a multiple of 24?
False
Does 37 divide 2997?
True
Is 8368 a multiple of 34?
False
Does 23 divide 1910?
False
Is 87 a factor of 783?
True
Is 8 a factor of 410?
False
Does 19 divide 5770?
False
Is 14 a factor of 546?
True
Is 15 a factor of 19371?
False
Does 11 divide 10406?
True
Does 72 divide 2520?
True
Is 11 a factor of 9847?
False
Is 5 a factor of 1245?
True
Does 4 divide 212?
True
Is 558 a multiple of 18?
True
Is 42 a factor of 3907?
False
Is 4163 a multiple of 8?
False
Is 12 a factor of 128?
False
Does 10 divide 29321?
False
Does 25 divide 7105?
False
Does 29 divide 602?
False
Is 360 a multiple of 6?
True
Is 84425 a multiple of 55?
True
Does 25 divide 925?
True
Does 16 divide 87360?
True
Is 7 a factor of 2151?
False
Is 13 a factor of 1898?
True
Is 106 a factor of 2650?
True
Is 22 a factor of 20282?
False
Does 18 divide 108150?
False
Is 52184 a multiple of 22?
True
Does 30 divide 29009?
False
Is 88 a factor of 704?
True
Does 18 divide 162?
True
Does 6 divide 217?
False
Is 3 a factor of 9348?
True
Is 33669 a multiple of 27?
True
Does 57 divide 2223?
True
Is 935 even?
False
Does 21 divide 3570?
True
Is 58 a factor of 1392?
True
Does 28 divide 33124?
True
Is 14416 a multiple of 17?
True
Does 13 divide 3945?
False
Is 676 a multiple of 6?
False
Is 8 a factor of 7256?
True
Is 12 a factor of 4087?
False
Is 2037 a multiple of 86?
False
Does 6 divide 12814?
False
Is 14 a factor of 16646?
True
Is 6739 a multiple of 131?
False
Is 134 a factor of 13427?
False
Is 9 a multiple of 9?
True
Is 12 a factor of 6516?
True
Is 2160 a multiple of 16?
True
Is 2654 a multiple of 8?
False
Is 20888 a multiple of 257?
False
Is 19143 a multiple of 56?
False
Does 13 divide 1404?
True
Is 641 a multiple of 4?
False
Is 109197 a multiple of 11?
True
Does 9 divide 15204?
False
Does 16 divide 1616?
True
Is 11 a factor of 64537?
True
Is 3078 a multiple of 27?
True
Is 1824 a multiple of 96?
True
Is 35 a factor of 455?
True
Is 1074 a multiple of 6?
True
Is 16 a factor of 3617?
False
Does 73 divide 3796?
True
Is 3924 a multiple of 12?
True
Does 89 divide 1424?
True
Does 77 divide 1386?
True
Is 27 a factor of 3244?
False
Is 125 a factor of 19750?
True
Is 9 a factor of 108?
True
Is 1684 a multiple of 28?
False
Is 5 a factor of 15555?
True
Is 38 a factor of 16834?
True
Is 25 a factor of 1375?
True
Does 15 divide 2670?
True
Is 67 a factor of 6700?
True
Is 5 a factor of 8080?
True
Does 16 divide 6099?
False
Is 32 a factor of 512?
True
Is 92 a factor of 4416?
True
Is 295 a multiple of 5?
True
Is 80 a factor of 81280?
True
Is 340 a multiple of 10?
True
Does 28 divide 32179?
False
Is 783 a multiple of 29?
True
Is 9 a factor of 25353?
True
Does 21 divide 36909?
False
Does 3 divide 108?
True
Does 12 divide 2652?
True
Is 11003 a multiple of 33?
False
Does 66 divide 6732?
True
Is 9 a factor of 2407?
False
Is 21146 a multiple of 5?
False
Does 45 divide 10795?
False
Is 59 a factor of 32551?
False
Does 16 divide 368?
True
Does 10 divide 313?
False
Is 77 a factor of 6995?
False
Does 7 divide 616?
True
Is 46 a factor of 1999?
False
Does 93 divide 34596?
True
Does 9 divide 1060?
False
Does 83 divide 413?
False
Is 3 a factor of 261?
True
Does 10 divide 460?
True
Is 6444 a multiple of 179?
True
Does 29 divide 174?
True
Is 21608 a multiple of 37?
True
Does 13 divide 6968?
True
Does 42 divide 1166?
False
D